{"id":809,"date":"2020-11-06T07:31:42","date_gmt":"2020-11-06T07:31:42","guid":{"rendered":"https:\/\/www.techcloseoutlet.com\/index.php\/product\/playstation-5-dualsense-wireless-controller\/"},"modified":"2024-09-09T06:21:36","modified_gmt":"2024-09-09T06:21:36","slug":"playstation-5-dualsense-wireless-controller","status":"publish","type":"product","link":"https:\/\/www.techcloseoutlet.com\/index.php\/product\/playstation-5-dualsense-wireless-controller\/?lang=de","title":{"rendered":"PlayStation 5 DualSense Wireless Controller"},"content":{"rendered":"<p>Haptisches Feedback ** &#8211; Mit zwei Aktuatoren, die herk\u00f6mmliche Rumpelmotoren ersetzen, k\u00f6nnen Sie physisch auf Ihre Aktionen im Spiel reagieren. In Ihren H\u00e4nden k\u00f6nnen diese dynamischen Vibrationen das Gef\u00fchl von allem simulieren, von Umgebungen bis zum R\u00fccksto\u00df verschiedener Waffen.<br \/>\nAdaptive Trigger ** &#8211; Erlebe unterschiedliche Kr\u00e4fte und Spannungen, w\u00e4hrend du mit deiner Ausr\u00fcstung und Umgebung im Spiel interagierst. F\u00fchlen Sie sich physisch mit Ihren Aktionen auf dem Bildschirm verbunden, vom Zur\u00fcckziehen einer immer enger werdenden Sehne bis zum Bremsen eines schnell fahrenden Autos.<br \/>\nEingebautes Mikrofon und Headset-Buchse &#8211; Chatten Sie mit Freunden online *** \u00fcber das eingebaute Mikrofon oder indem Sie ein Headset an die 3,5-mm-Buchse anschlie\u00dfen. Schalten Sie die Sprachaufnahme jederzeit mit der speziellen Stummschalttaste ein und aus. *** Internet und Konto f\u00fcr das PlayStation Network erforderlich.<\/p>\n","protected":false},"excerpt":{"rendered":"<p>Haptisches Feedback ** &#8211; Mit zwei Aktuatoren, die herk\u00f6mmliche Rumpelmotoren ersetzen, k\u00f6nnen Sie physisch auf Ihre Aktionen im Spiel reagieren. In Ihren H\u00e4nden k\u00f6nnen diese dynamischen Vibrationen das Gef\u00fchl von allem simulieren, von Umgebungen bis zum R\u00fccksto\u00df verschiedener Waffen.<br \/>\nAdaptive Trigger ** &#8211; Erlebe unterschiedliche Kr\u00e4fte und Spannungen, w\u00e4hrend du mit deiner Ausr\u00fcstung und Umgebung im Spiel interagierst. F\u00fchlen Sie sich physisch mit Ihren Aktionen auf dem Bildschirm verbunden, vom Zur\u00fcckziehen einer immer enger werdenden Sehne bis zum Bremsen eines schnell fahrenden Autos.<br \/>\nEingebautes Mikrofon und Headset-Buchse &#8211; Chatten Sie mit Freunden online *** \u00fcber das eingebaute Mikrofon oder indem Sie ein Headset an die 3,5-mm-Buchse anschlie\u00dfen. Schalten Sie die Sprachaufnahme jederzeit mit der speziellen Stummschalttaste ein und aus. *** Internet und Konto f\u00fcr das PlayStation Network erforderlich.<\/p>\n","protected":false},"featured_media":810,"comment_status":"open","ping_status":"closed","template":"","meta":[],"product_brand":[],"product_cat":[27],"product_tag":[],"woo-feed-brand":[],"class_list":{"0":"post-809","1":"product","2":"type-product","3":"status-publish","4":"has-post-thumbnail","6":"product_cat-playstation-konsolen","8":"entry","9":"has-media","11":"first","12":"instock","13":"sale","14":"taxable","15":"shipping-taxable","16":"purchasable","17":"product-type-simple","18":"has-product-nav","19":"col","20":"span_1_of_3","21":"owp-content-center","22":"owp-thumbs-layout-horizontal","23":"owp-btn-normal","24":"owp-tabs-layout-horizontal","25":"has-no-thumbnails"},"exclude_global_add_ons":[],"addons":[],"jetpack_sharing_enabled":true,"_links":{"self":[{"href":"https:\/\/www.techcloseoutlet.com\/index.php\/wp-json\/wp\/v2\/product\/809","targetHints":{"allow":["GET"]}}],"collection":[{"href":"https:\/\/www.techcloseoutlet.com\/index.php\/wp-json\/wp\/v2\/product"}],"about":[{"href":"https:\/\/www.techcloseoutlet.com\/index.php\/wp-json\/wp\/v2\/types\/product"}],"replies":[{"embeddable":true,"href":"https:\/\/www.techcloseoutlet.com\/index.php\/wp-json\/wp\/v2\/comments?post=809"}],"wp:featuredmedia":[{"embeddable":true,"href":"https:\/\/www.techcloseoutlet.com\/index.php\/wp-json\/wp\/v2\/media\/810"}],"wp:attachment":[{"href":"https:\/\/www.techcloseoutlet.com\/index.php\/wp-json\/wp\/v2\/media?parent=809"}],"wp:term":[{"taxonomy":"product_brand","embeddable":true,"href":"https:\/\/www.techcloseoutlet.com\/index.php\/wp-json\/wp\/v2\/product_brand?post=809"},{"taxonomy":"product_cat","embeddable":true,"href":"https:\/\/www.techcloseoutlet.com\/index.php\/wp-json\/wp\/v2\/product_cat?post=809"},{"taxonomy":"product_tag","embeddable":true,"href":"https:\/\/www.techcloseoutlet.com\/index.php\/wp-json\/wp\/v2\/product_tag?post=809"},{"taxonomy":"woo-feed-brand","embeddable":true,"href":"https:\/\/www.techcloseoutlet.com\/index.php\/wp-json\/wp\/v2\/woo-feed-brand?post=809"}],"curies":[{"name":"wp","href":"https:\/\/api.w.org\/{rel}","templated":true}]}}