{"id":54737,"date":"2026-03-15T13:36:29","date_gmt":"2026-03-15T13:36:29","guid":{"rendered":"https:\/\/www.techcloseoutlet.com\/index.php\/product\/controller-wireless-originale-personalizzato-xbox-series-x-s-blue-phantom-white\/"},"modified":"2026-03-15T13:36:29","modified_gmt":"2026-03-15T13:36:29","slug":"controller-wireless-originale-personalizzato-xbox-series-x-s-blue-phantom-white","status":"publish","type":"product","link":"https:\/\/www.techcloseoutlet.com\/index.php\/product\/controller-wireless-originale-personalizzato-xbox-series-x-s-blue-phantom-white\/?lang=it","title":{"rendered":"Controller Wireless Originale Personalizzato Xbox Series X\/S \u2013 Blue Phantom White"},"content":{"rendered":"<p>\ud83c\udfae Vi presentiamo il Modded Custom Controller: un accessorio di gioco su misura, progettato in esclusiva per Xbox One S\/X. Elevate la vostra esperienza di gioco grazie a prestazioni, stile e possibilit\u00e0 di personalizzazione senza pari, che miglioreranno indubbiamente il vostro gameplay.<br \/>\n\ud83c\udfae Personalizzazione Distintiva: Modellate il vostro controller affinch\u00e9 rispecchi la vostra unica identit\u00e0 di gioco. Scegliete tra un&#8217;ampia selezione di design accattivanti, colori vivaci e motivi sorprendenti per creare un controller che sia autenticamente vostro. Le nostre opzioni di personalizzazione avanzate garantiscono un look unico, capace di distinguersi sia sullo schermo che fuori.<br \/>\n\ud83c\udfae Ergonomia Eccezionale: Progettato con cura per le sessioni di gioco prolungate, il Modded Custom Controller mette il comfort al primo posto. La sua forma ergonomica si adatta perfettamente alle mani, riducendo l&#8217;affaticamento durante le lunghe maratone di gioco. Tasti reattivi e impugnature testurizzate assicurano un controllo preciso, mentre gli stick analogici fluidi e sensibili offrono movimenti scorrevoli.<br \/>\n\ud83c\udfae Elevate il vostro coinvolgimento nel gioco e lasciate il segno con il Modded Custom Controller per Xbox One S\/X. Liberate tutto il vostro potenziale di gioco e sfoggiate il vostro stile con un controller che si sposa alla perfezione con la vostra unicit\u00e0. Aggiornate oggi stesso la vostra postazione di gioco e godetevi un&#8217;esperienza videoludica senza precedenti.<br \/>\n\ud83c\udfae Qualit\u00e0 Affidabile: Per Modded, la qualit\u00e0 \u00e8 fondamentale. I nostri controller sono sottoposti a rigorosi test per garantirne la robustezza e la durata nel tempo. Sostenuto dal nostro impegno verso l&#8217;eccellenza, questo controller \u00e8 costruito per resistere alle sollecitazioni delle sessioni di gioco pi\u00f9 intense, offrendo un&#8217;affidabilit\u00e0 incrollabile.<br \/>\n\u2705 La confezione contiene: Controller originale con personalizzazione estetica (skin), istruzioni per il controller.<\/p>\n","protected":false},"excerpt":{"rendered":"<p>\ud83c\udfae Vi presentiamo il Modded Custom Controller: un accessorio di gioco su misura, progettato in esclusiva per Xbox One S\/X. Elevate la vostra esperienza di gioco grazie a prestazioni, stile e possibilit\u00e0 di personalizzazione senza pari, che miglioreranno indubbiamente il vostro gameplay.<br \/>\n\ud83c\udfae Personalizzazione Distintiva: Modellate il vostro controller affinch\u00e9 rispecchi la vostra unica identit\u00e0 di gioco. Scegliete tra un&#8217;ampia selezione di design accattivanti, colori vivaci e motivi sorprendenti per creare un controller che sia autenticamente vostro. Le nostre opzioni di personalizzazione avanzate garantiscono un look unico, capace di distinguersi sia sullo schermo che fuori.<br \/>\n\ud83c\udfae Ergonomia Eccezionale: Progettato con cura per le sessioni di gioco prolungate, il Modded Custom Controller mette il comfort al primo posto. La sua forma ergonomica si adatta perfettamente alle mani, riducendo l&#8217;affaticamento durante le lunghe maratone di gioco. Tasti reattivi e impugnature testurizzate assicurano un controllo preciso, mentre gli stick analogici fluidi e sensibili offrono movimenti scorrevoli.<br \/>\n\ud83c\udfae Elevate il vostro coinvolgimento nel gioco e lasciate il segno con il Modded Custom Controller per Xbox One S\/X. Liberate tutto il vostro potenziale di gioco e sfoggiate il vostro stile con un controller che si sposa alla perfezione con la vostra unicit\u00e0. Aggiornate oggi stesso la vostra postazione di gioco e godetevi un&#8217;esperienza videoludica senza precedenti.<br \/>\n\ud83c\udfae Qualit\u00e0 Affidabile: Per Modded, la qualit\u00e0 \u00e8 fondamentale. I nostri controller sono sottoposti a rigorosi test per garantirne la robustezza e la durata nel tempo. Sostenuto dal nostro impegno verso l&#8217;eccellenza, questo controller \u00e8 costruito per resistere alle sollecitazioni delle sessioni di gioco pi\u00f9 intense, offrendo un&#8217;affidabilit\u00e0 incrollabile.<br \/>\n\u2705 La confezione contiene: Controller originale con personalizzazione estetica (skin), istruzioni per il controller.<\/p>\n","protected":false},"featured_media":54596,"comment_status":"open","ping_status":"closed","template":"","meta":[],"product_brand":[],"product_cat":[44],"product_tag":[],"woo-feed-brand":[],"class_list":{"0":"post-54737","1":"product","2":"type-product","3":"status-publish","4":"has-post-thumbnail","6":"product_cat-xbox-consoles-it","8":"entry","9":"has-media","11":"first","12":"instock","13":"sale","14":"taxable","15":"shipping-taxable","16":"purchasable","17":"product-type-simple","18":"has-product-nav","19":"col","20":"span_1_of_3","21":"owp-content-center","22":"owp-thumbs-layout-horizontal","23":"owp-btn-normal","24":"owp-tabs-layout-horizontal","25":"has-no-thumbnails"},"exclude_global_add_ons":[],"addons":[],"jetpack_sharing_enabled":true,"_links":{"self":[{"href":"https:\/\/www.techcloseoutlet.com\/index.php\/wp-json\/wp\/v2\/product\/54737","targetHints":{"allow":["GET"]}}],"collection":[{"href":"https:\/\/www.techcloseoutlet.com\/index.php\/wp-json\/wp\/v2\/product"}],"about":[{"href":"https:\/\/www.techcloseoutlet.com\/index.php\/wp-json\/wp\/v2\/types\/product"}],"replies":[{"embeddable":true,"href":"https:\/\/www.techcloseoutlet.com\/index.php\/wp-json\/wp\/v2\/comments?post=54737"}],"wp:featuredmedia":[{"embeddable":true,"href":"https:\/\/www.techcloseoutlet.com\/index.php\/wp-json\/wp\/v2\/media\/54596"}],"wp:attachment":[{"href":"https:\/\/www.techcloseoutlet.com\/index.php\/wp-json\/wp\/v2\/media?parent=54737"}],"wp:term":[{"taxonomy":"product_brand","embeddable":true,"href":"https:\/\/www.techcloseoutlet.com\/index.php\/wp-json\/wp\/v2\/product_brand?post=54737"},{"taxonomy":"product_cat","embeddable":true,"href":"https:\/\/www.techcloseoutlet.com\/index.php\/wp-json\/wp\/v2\/product_cat?post=54737"},{"taxonomy":"product_tag","embeddable":true,"href":"https:\/\/www.techcloseoutlet.com\/index.php\/wp-json\/wp\/v2\/product_tag?post=54737"},{"taxonomy":"woo-feed-brand","embeddable":true,"href":"https:\/\/www.techcloseoutlet.com\/index.php\/wp-json\/wp\/v2\/woo-feed-brand?post=54737"}],"curies":[{"name":"wp","href":"https:\/\/api.w.org\/{rel}","templated":true}]}}