{"id":50375,"date":"2025-10-20T14:16:39","date_gmt":"2025-10-20T14:16:39","guid":{"rendered":"https:\/\/www.techcloseoutlet.com\/index.php\/product\/sennheiser-consumer-audio-sport-true-wireless-earbuds-bluetooth-in-ear-kopfhoerer-musik-und-anrufe-mit-anpassbarer-akustik-geraeuschisolierung-touch-bedienung-ip54-27-stunden-akku-schwa\/"},"modified":"2026-04-18T00:51:10","modified_gmt":"2026-04-18T00:51:10","slug":"sennheiser-consumer-audio-sport-true-wireless-earbuds-bluetooth-in-ear-kopfhoerer-musik-und-anrufe-mit-anpassbarer-akustik-geraeuschisolierung-touch-bedienung-ip54-27-stunden-akku-schwa","status":"publish","type":"product","link":"https:\/\/www.techcloseoutlet.com\/index.php\/product\/sennheiser-consumer-audio-sport-true-wireless-earbuds-bluetooth-in-ear-kopfhoerer-musik-und-anrufe-mit-anpassbarer-akustik-geraeuschisolierung-touch-bedienung-ip54-27-stunden-akku-schwa\/?lang=de","title":{"rendered":"Erneuert Sennheiser Consumer Audio Sport True Wireless Earbuds \u2013 Bluetooth-In-Ear-Kopfh\u00f6rer, Musik und Anrufe mit anpassbarer Akustik, Ger\u00e4uschisolierung, Touch-Bedienung, IP54 27-Stunden-Akku, Schwarz"},"content":{"rendered":"<p>Schluss mit Kabelsalat und Musikgenuss mit diesen kabellosen Bluetooth-Ohrh\u00f6rern. Hinweis: Wenn die Gr\u00f6\u00dfe der Ohrst\u00f6psel nicht zu Ihren Geh\u00f6rg\u00e4ngen passt oder das Headset nicht richtig sitzt, kann es zu Klang- und Anrufproblemen kommen. Wechseln Sie die Ohrst\u00f6psel gegen solche aus, die besser in Ihren Ohren sitzen. Steuerung: Touch.<\/p>\n<p>H\u00f6ren Sie tiefe B\u00e4sse und kraftvolle Stimmen mit einem Frequenzbereich von 5 Hz bis 21 kHz.<\/p>\n<p>Kompakte, hochwertige und tragbare Ohrh\u00f6rer.<\/p>\n<p>In-Ear-Kopfh\u00f6rer f\u00fcr komfortables H\u00f6ren.<\/p>\n","protected":false},"excerpt":{"rendered":"<p>Schluss mit Kabelsalat und Musikgenuss mit diesen kabellosen Bluetooth-Ohrh\u00f6rern. Hinweis: Wenn die Gr\u00f6\u00dfe der Ohrst\u00f6psel nicht zu Ihren Geh\u00f6rg\u00e4ngen passt oder das Headset nicht richtig sitzt, kann es zu Klang- und Anrufproblemen kommen. Wechseln Sie die Ohrst\u00f6psel gegen solche aus, die besser in Ihren Ohren sitzen. Steuerung: Touch.<\/p>\n<p>H\u00f6ren Sie tiefe B\u00e4sse und kraftvolle Stimmen mit einem Frequenzbereich von 5 Hz bis 21 kHz.<\/p>\n<p>Kompakte, hochwertige und tragbare Ohrh\u00f6rer.<\/p>\n<p>In-Ear-Kopfh\u00f6rer f\u00fcr komfortables H\u00f6ren.<\/p>\n","protected":false},"featured_media":50353,"comment_status":"open","ping_status":"closed","template":"","meta":[],"product_brand":[],"product_cat":[48],"product_tag":[],"woo-feed-brand":[],"class_list":{"0":"post-50375","1":"product","2":"type-product","3":"status-publish","4":"has-post-thumbnail","6":"product_cat-kopfhorer","8":"entry","9":"has-media","11":"first","12":"instock","13":"sale","14":"taxable","15":"shipping-taxable","16":"purchasable","17":"product-type-simple","18":"has-product-nav","19":"col","20":"span_1_of_3","21":"owp-content-center","22":"owp-thumbs-layout-horizontal","23":"owp-btn-normal","24":"owp-tabs-layout-horizontal","25":"has-no-thumbnails"},"exclude_global_add_ons":[],"addons":[],"jetpack_sharing_enabled":true,"_links":{"self":[{"href":"https:\/\/www.techcloseoutlet.com\/index.php\/wp-json\/wp\/v2\/product\/50375","targetHints":{"allow":["GET"]}}],"collection":[{"href":"https:\/\/www.techcloseoutlet.com\/index.php\/wp-json\/wp\/v2\/product"}],"about":[{"href":"https:\/\/www.techcloseoutlet.com\/index.php\/wp-json\/wp\/v2\/types\/product"}],"replies":[{"embeddable":true,"href":"https:\/\/www.techcloseoutlet.com\/index.php\/wp-json\/wp\/v2\/comments?post=50375"}],"wp:featuredmedia":[{"embeddable":true,"href":"https:\/\/www.techcloseoutlet.com\/index.php\/wp-json\/wp\/v2\/media\/50353"}],"wp:attachment":[{"href":"https:\/\/www.techcloseoutlet.com\/index.php\/wp-json\/wp\/v2\/media?parent=50375"}],"wp:term":[{"taxonomy":"product_brand","embeddable":true,"href":"https:\/\/www.techcloseoutlet.com\/index.php\/wp-json\/wp\/v2\/product_brand?post=50375"},{"taxonomy":"product_cat","embeddable":true,"href":"https:\/\/www.techcloseoutlet.com\/index.php\/wp-json\/wp\/v2\/product_cat?post=50375"},{"taxonomy":"product_tag","embeddable":true,"href":"https:\/\/www.techcloseoutlet.com\/index.php\/wp-json\/wp\/v2\/product_tag?post=50375"},{"taxonomy":"woo-feed-brand","embeddable":true,"href":"https:\/\/www.techcloseoutlet.com\/index.php\/wp-json\/wp\/v2\/woo-feed-brand?post=50375"}],"curies":[{"name":"wp","href":"https:\/\/api.w.org\/{rel}","templated":true}]}}