{"id":50370,"date":"2025-10-20T14:14:10","date_gmt":"2025-10-20T14:14:10","guid":{"rendered":"https:\/\/www.techcloseoutlet.com\/index.php\/product\/sennheiser-hd-450bt-bluetooth-5-0-kabelloser-kopfhoerer-mit-aktiver-geraeuschunterdrueckung-30-stunden-akkulaufzeit-usb-c-schnellladung-virtueller-assistentenknopf-faltbar-schwa\/"},"modified":"2026-04-18T00:56:22","modified_gmt":"2026-04-18T00:56:22","slug":"sennheiser-hd-450bt-bluetooth-5-0-kabelloser-kopfhoerer-mit-aktiver-geraeuschunterdrueckung-30-stunden-akkulaufzeit-usb-c-schnellladung-virtueller-assistentenknopf-faltbar-schwa","status":"publish","type":"product","link":"https:\/\/www.techcloseoutlet.com\/index.php\/product\/sennheiser-hd-450bt-bluetooth-5-0-kabelloser-kopfhoerer-mit-aktiver-geraeuschunterdrueckung-30-stunden-akkulaufzeit-usb-c-schnellladung-virtueller-assistentenknopf-faltbar-schwa\/?lang=de","title":{"rendered":"Erneuert Sennheiser HD 450BT Bluetooth 5.0 Kabelloser Kopfh\u00f6rer mit aktiver Ger\u00e4uschunterdr\u00fcckung \u2013 30 Stunden Akkulaufzeit, USB-C-Schnellladung, virtueller Assistentenknopf, faltbar \u2013 Schwarz (erneuert)"},"content":{"rendered":"<p>Bluetooth 5.0-Technologie f\u00fcr m\u00fchelos zuverl\u00e4ssige Konnektivit\u00e4t, einschlie\u00dflich Unterst\u00fctzung der Codecs AAC und AptX Low Latency.<\/p>\n<p>Aktive Ger\u00e4uschunterdr\u00fcckung f\u00fcr ununterbrochenen H\u00f6rgenuss.<\/p>\n<p>30 Stunden Akkulaufzeit mit USB-C-Schnellladung.<\/p>\n<p>Intuitive Steuerung, einschlie\u00dflich Virtual Assistant-Taste f\u00fcr Siri und Google Assistant.<\/p>\n<p>Unterst\u00fctzung der Sennheiser App mit Equalizer, Podcast-Modus und Firmware-Updates.<\/p>\n","protected":false},"excerpt":{"rendered":"<p>Bluetooth 5.0-Technologie f\u00fcr m\u00fchelos zuverl\u00e4ssige Konnektivit\u00e4t, einschlie\u00dflich Unterst\u00fctzung der Codecs AAC und AptX Low Latency.<\/p>\n<p>Aktive Ger\u00e4uschunterdr\u00fcckung f\u00fcr ununterbrochenen H\u00f6rgenuss.<\/p>\n<p>30 Stunden Akkulaufzeit mit USB-C-Schnellladung.<\/p>\n<p>Intuitive Steuerung, einschlie\u00dflich Virtual Assistant-Taste f\u00fcr Siri und Google Assistant.<\/p>\n<p>Unterst\u00fctzung der Sennheiser App mit Equalizer, Podcast-Modus und Firmware-Updates.<\/p>\n","protected":false},"featured_media":50325,"comment_status":"open","ping_status":"closed","template":"","meta":[],"product_brand":[],"product_cat":[48],"product_tag":[],"woo-feed-brand":[],"class_list":{"0":"post-50370","1":"product","2":"type-product","3":"status-publish","4":"has-post-thumbnail","6":"product_cat-kopfhorer","8":"entry","9":"has-media","11":"first","12":"instock","13":"sale","14":"taxable","15":"shipping-taxable","16":"purchasable","17":"product-type-simple","18":"has-product-nav","19":"col","20":"span_1_of_3","21":"owp-content-center","22":"owp-thumbs-layout-horizontal","23":"owp-btn-normal","24":"owp-tabs-layout-horizontal","25":"has-no-thumbnails"},"exclude_global_add_ons":[],"addons":[],"jetpack_sharing_enabled":true,"_links":{"self":[{"href":"https:\/\/www.techcloseoutlet.com\/index.php\/wp-json\/wp\/v2\/product\/50370","targetHints":{"allow":["GET"]}}],"collection":[{"href":"https:\/\/www.techcloseoutlet.com\/index.php\/wp-json\/wp\/v2\/product"}],"about":[{"href":"https:\/\/www.techcloseoutlet.com\/index.php\/wp-json\/wp\/v2\/types\/product"}],"replies":[{"embeddable":true,"href":"https:\/\/www.techcloseoutlet.com\/index.php\/wp-json\/wp\/v2\/comments?post=50370"}],"wp:featuredmedia":[{"embeddable":true,"href":"https:\/\/www.techcloseoutlet.com\/index.php\/wp-json\/wp\/v2\/media\/50325"}],"wp:attachment":[{"href":"https:\/\/www.techcloseoutlet.com\/index.php\/wp-json\/wp\/v2\/media?parent=50370"}],"wp:term":[{"taxonomy":"product_brand","embeddable":true,"href":"https:\/\/www.techcloseoutlet.com\/index.php\/wp-json\/wp\/v2\/product_brand?post=50370"},{"taxonomy":"product_cat","embeddable":true,"href":"https:\/\/www.techcloseoutlet.com\/index.php\/wp-json\/wp\/v2\/product_cat?post=50370"},{"taxonomy":"product_tag","embeddable":true,"href":"https:\/\/www.techcloseoutlet.com\/index.php\/wp-json\/wp\/v2\/product_tag?post=50370"},{"taxonomy":"woo-feed-brand","embeddable":true,"href":"https:\/\/www.techcloseoutlet.com\/index.php\/wp-json\/wp\/v2\/woo-feed-brand?post=50370"}],"curies":[{"name":"wp","href":"https:\/\/api.w.org\/{rel}","templated":true}]}}