{"id":50367,"date":"2025-10-20T14:12:29","date_gmt":"2025-10-20T14:12:29","guid":{"rendered":"https:\/\/www.techcloseoutlet.com\/index.php\/product\/sennheiser-bt-t100-bluetooth-audiosender-schwarz\/"},"modified":"2026-04-18T00:57:39","modified_gmt":"2026-04-18T00:57:39","slug":"sennheiser-bt-t100-bluetooth-audiosender-schwarz","status":"publish","type":"product","link":"https:\/\/www.techcloseoutlet.com\/index.php\/product\/sennheiser-bt-t100-bluetooth-audiosender-schwarz\/?lang=de","title":{"rendered":"Erneuert Sennheiser BT T100 Bluetooth-Audiosender, Schwarz"},"content":{"rendered":"<p>Nutzen Sie Ihre bevorzugten kabellosen Kopfh\u00f6rer mit Ihrem Fernseher oder AVR und genie\u00dfen Sie Bewegungsfreiheit zu Hause, w\u00e4hrend Sie Musik h\u00f6ren oder Filme ansehen.<\/p>\n<p>Eingangsauswahl: 3,5-mm-Analogeingang, digitaler optischer Toslink-Eingang oder USB-A-auf-USB-Micro-B-Kabel.<\/p>\n<p>Anschluss von zwei separaten Kopfh\u00f6rern f\u00fcr gleichzeitige Wiedergabe.<\/p>\n<p>Kompatibel mit einer Vielzahl von Bluetooth-Ger\u00e4ten \u00fcber A2DP Bluetooth v4.2.<\/p>\n<p>Unterst\u00fctzt die Bluetooth-Codecs SBC, aptX und aptX Low Latency.<\/p>\n","protected":false},"excerpt":{"rendered":"<p>Nutzen Sie Ihre bevorzugten kabellosen Kopfh\u00f6rer mit Ihrem Fernseher oder AVR und genie\u00dfen Sie Bewegungsfreiheit zu Hause, w\u00e4hrend Sie Musik h\u00f6ren oder Filme ansehen.<\/p>\n<p>Eingangsauswahl: 3,5-mm-Analogeingang, digitaler optischer Toslink-Eingang oder USB-A-auf-USB-Micro-B-Kabel.<\/p>\n<p>Anschluss von zwei separaten Kopfh\u00f6rern f\u00fcr gleichzeitige Wiedergabe.<\/p>\n<p>Kompatibel mit einer Vielzahl von Bluetooth-Ger\u00e4ten \u00fcber A2DP Bluetooth v4.2.<\/p>\n<p>Unterst\u00fctzt die Bluetooth-Codecs SBC, aptX und aptX Low Latency.<\/p>\n","protected":false},"featured_media":50313,"comment_status":"open","ping_status":"closed","template":"","meta":[],"product_brand":[],"product_cat":[48],"product_tag":[],"woo-feed-brand":[],"class_list":{"0":"post-50367","1":"product","2":"type-product","3":"status-publish","4":"has-post-thumbnail","6":"product_cat-kopfhorer","8":"entry","9":"has-media","11":"first","12":"instock","13":"sale","14":"taxable","15":"shipping-taxable","16":"purchasable","17":"product-type-simple","18":"has-product-nav","19":"col","20":"span_1_of_3","21":"owp-content-center","22":"owp-thumbs-layout-horizontal","23":"owp-btn-normal","24":"owp-tabs-layout-horizontal","25":"has-no-thumbnails"},"exclude_global_add_ons":[],"addons":[],"jetpack_sharing_enabled":true,"_links":{"self":[{"href":"https:\/\/www.techcloseoutlet.com\/index.php\/wp-json\/wp\/v2\/product\/50367","targetHints":{"allow":["GET"]}}],"collection":[{"href":"https:\/\/www.techcloseoutlet.com\/index.php\/wp-json\/wp\/v2\/product"}],"about":[{"href":"https:\/\/www.techcloseoutlet.com\/index.php\/wp-json\/wp\/v2\/types\/product"}],"replies":[{"embeddable":true,"href":"https:\/\/www.techcloseoutlet.com\/index.php\/wp-json\/wp\/v2\/comments?post=50367"}],"wp:featuredmedia":[{"embeddable":true,"href":"https:\/\/www.techcloseoutlet.com\/index.php\/wp-json\/wp\/v2\/media\/50313"}],"wp:attachment":[{"href":"https:\/\/www.techcloseoutlet.com\/index.php\/wp-json\/wp\/v2\/media?parent=50367"}],"wp:term":[{"taxonomy":"product_brand","embeddable":true,"href":"https:\/\/www.techcloseoutlet.com\/index.php\/wp-json\/wp\/v2\/product_brand?post=50367"},{"taxonomy":"product_cat","embeddable":true,"href":"https:\/\/www.techcloseoutlet.com\/index.php\/wp-json\/wp\/v2\/product_cat?post=50367"},{"taxonomy":"product_tag","embeddable":true,"href":"https:\/\/www.techcloseoutlet.com\/index.php\/wp-json\/wp\/v2\/product_tag?post=50367"},{"taxonomy":"woo-feed-brand","embeddable":true,"href":"https:\/\/www.techcloseoutlet.com\/index.php\/wp-json\/wp\/v2\/woo-feed-brand?post=50367"}],"curies":[{"name":"wp","href":"https:\/\/api.w.org\/{rel}","templated":true}]}}