{"id":49819,"date":"2025-09-29T15:57:22","date_gmt":"2025-09-29T15:57:22","guid":{"rendered":"https:\/\/www.techcloseoutlet.com\/index.php\/product\/sistema-di-cuffie-wireless-rf-sennheiser-consumer-audio-rs-175-rinnovato-nero\/"},"modified":"2025-09-29T15:57:22","modified_gmt":"2025-09-29T15:57:22","slug":"sistema-di-cuffie-wireless-rf-sennheiser-consumer-audio-rs-175-rinnovato-nero","status":"publish","type":"product","link":"https:\/\/www.techcloseoutlet.com\/index.php\/product\/sistema-di-cuffie-wireless-rf-sennheiser-consumer-audio-rs-175-rinnovato-nero\/?lang=it","title":{"rendered":"Sistema di cuffie wireless RF Sennheiser Consumer Audio RS 175 rinnovato, nero"},"content":{"rendered":"<p>Cuffie over-ear compatte ed ergonomiche. Tecnologia di connettivit\u00e0: Wireless. Risposta in frequenza 17 &#8211; 22.000 Hz. Usi specifici del prodotto: Comunicazione. Principio del trasduttore: Dinamico, Chiuso. Frequenza portante: 2,4 &#8211; 2,48 GHz.<br \/>\nModalit\u00e0 di ascolto Bass Boost e Surround Sound. Livello massimo di pressione sonora: 114 dB a 1 kHz, THD 3%. THD, distorsione armonica totale: &lt;0,5% a 1 kHz, 100 dB SPL. Portata: Fino a 100 m.<br \/>\nLa tecnologia wireless digitale garantisce una trasmissione del segnale chiara e precisa.<br \/>\nFacile da configurare e utilizzare.<br \/>\nComandi PRINCIPALI situati sulle cuffie.<br \/>\nTecnologia di comunicazione wireless: Kleer.<br \/>\nLe Sennheiser RS \u200b\u200b175 sono il complemento perfetto per il tuo sistema di home entertainment. Queste cuffie wireless digitali offrono una qualit\u00e0 audio eccezionale e la libert\u00e0 dai fili. Il design ergonomico around-ear, chiuso, riduce il rumore di fondo offrendo al contempo una vestibilit\u00e0 eccezionalmente confortevole. Potrai immergerti nel suono della tua musica, TV o film preferiti senza disturbare nessuno nella stanza! Non esporre all&#8217;umidit\u00e0.<\/p>\n","protected":false},"excerpt":{"rendered":"<p>Cuffie over-ear compatte ed ergonomiche. Tecnologia di connettivit\u00e0: Wireless. Risposta in frequenza 17 &#8211; 22.000 Hz. Usi specifici del prodotto: Comunicazione. Principio del trasduttore: Dinamico, Chiuso. Frequenza portante: 2,4 &#8211; 2,48 GHz.<br \/>\nModalit\u00e0 di ascolto Bass Boost e Surround Sound. Livello massimo di pressione sonora: 114 dB a 1 kHz, THD 3%. THD, distorsione armonica totale: <0,5% a 1 kHz, 100 dB SPL. Portata: Fino a 100 m.\nLa tecnologia wireless digitale garantisce una trasmissione del segnale chiara e precisa.\nFacile da configurare e utilizzare.\nComandi PRINCIPALI situati sulle cuffie.\nTecnologia di comunicazione wireless: Kleer.\nLe Sennheiser RS \u200b\u200b175 sono il complemento perfetto per il tuo sistema di home entertainment. Queste cuffie wireless digitali offrono una qualit\u00e0 audio eccezionale e la libert\u00e0 dai fili. Il design ergonomico around-ear, chiuso, riduce il rumore di fondo offrendo al contempo una vestibilit\u00e0 eccezionalmente confortevole. Potrai immergerti nel suono della tua musica, TV o film preferiti senza disturbare nessuno nella stanza! Non esporre all'umidit\u00e0.\n<\/p>\n","protected":false},"featured_media":49800,"comment_status":"open","ping_status":"closed","template":"","meta":[],"product_brand":[],"product_cat":[45],"product_tag":[],"woo-feed-brand":[],"class_list":{"0":"post-49819","1":"product","2":"type-product","3":"status-publish","4":"has-post-thumbnail","6":"product_cat-cuffie","8":"entry","9":"has-media","11":"first","12":"instock","13":"sale","14":"taxable","15":"shipping-taxable","16":"purchasable","17":"product-type-simple","18":"has-product-nav","19":"col","20":"span_1_of_3","21":"owp-content-center","22":"owp-thumbs-layout-horizontal","23":"owp-btn-normal","24":"owp-tabs-layout-horizontal","25":"has-no-thumbnails"},"exclude_global_add_ons":[],"addons":[],"jetpack_sharing_enabled":true,"_links":{"self":[{"href":"https:\/\/www.techcloseoutlet.com\/index.php\/wp-json\/wp\/v2\/product\/49819","targetHints":{"allow":["GET"]}}],"collection":[{"href":"https:\/\/www.techcloseoutlet.com\/index.php\/wp-json\/wp\/v2\/product"}],"about":[{"href":"https:\/\/www.techcloseoutlet.com\/index.php\/wp-json\/wp\/v2\/types\/product"}],"replies":[{"embeddable":true,"href":"https:\/\/www.techcloseoutlet.com\/index.php\/wp-json\/wp\/v2\/comments?post=49819"}],"wp:featuredmedia":[{"embeddable":true,"href":"https:\/\/www.techcloseoutlet.com\/index.php\/wp-json\/wp\/v2\/media\/49800"}],"wp:attachment":[{"href":"https:\/\/www.techcloseoutlet.com\/index.php\/wp-json\/wp\/v2\/media?parent=49819"}],"wp:term":[{"taxonomy":"product_brand","embeddable":true,"href":"https:\/\/www.techcloseoutlet.com\/index.php\/wp-json\/wp\/v2\/product_brand?post=49819"},{"taxonomy":"product_cat","embeddable":true,"href":"https:\/\/www.techcloseoutlet.com\/index.php\/wp-json\/wp\/v2\/product_cat?post=49819"},{"taxonomy":"product_tag","embeddable":true,"href":"https:\/\/www.techcloseoutlet.com\/index.php\/wp-json\/wp\/v2\/product_tag?post=49819"},{"taxonomy":"woo-feed-brand","embeddable":true,"href":"https:\/\/www.techcloseoutlet.com\/index.php\/wp-json\/wp\/v2\/woo-feed-brand?post=49819"}],"curies":[{"name":"wp","href":"https:\/\/api.w.org\/{rel}","templated":true}]}}