{"id":49749,"date":"2025-09-28T13:55:14","date_gmt":"2025-09-28T13:55:14","guid":{"rendered":"https:\/\/www.techcloseoutlet.com\/index.php\/product\/playstation-pulse-3d-wireless-headset-graues-camouflage\/"},"modified":"2025-09-28T13:55:14","modified_gmt":"2025-09-28T13:55:14","slug":"playstation-pulse-3d-wireless-headset-graues-camouflage","status":"publish","type":"product","link":"https:\/\/www.techcloseoutlet.com\/index.php\/product\/playstation-pulse-3d-wireless-headset-graues-camouflage\/?lang=de","title":{"rendered":"PlayStation Pulse 3D Wireless Headset \u2013 Graues Camouflage"},"content":{"rendered":"<p>F\u00fcr eine neue Generation entwickelt: Optimiert f\u00fcr 3D-Audio auf PS5-Konsolen; Genie\u00dfen Sie komfortables Gaming mit verbesserten Ohrpolstern und Kopfb\u00fcgel; Spielen Sie mit Stil dank des eleganten Designs, das die PS5-Konsole erg\u00e4nzt; Verf\u00fcgbar, wenn die Funktion vom Spiel unterst\u00fctzt wird.<br \/>\nF\u00fcr Gamer entwickelt: Chatten Sie mit Freunden \u00fcber die versteckten Mikrofone mit Ger\u00e4uschunterdr\u00fcckung; Passen Sie Audio- und Chat-Einstellungen schnell mit leicht zug\u00e4nglichen Bedienelementen an; Internet und Konto f\u00fcr PlayStation Network erforderlich.<br \/>\nErweitern Sie Ihre Abenteuer: Genie\u00dfen Sie bis zu 12 Stunden kabelloses Spielen mit dem integrierten Akku; Stellen Sie mithilfe des kabellosen Adapters eine einfache Verbindung zu Ihrer PS5- oder PS4-Konsole her; Stellen Sie mit dem mitgelieferten Audiokabel eine Verbindung zu PS VR und Mobilger\u00e4ten her; Integrierte Headset-Bedienelemente werden von PS VR und Mobilger\u00e4ten nicht unterst\u00fctzt.<\/p>\n","protected":false},"excerpt":{"rendered":"<p>F\u00fcr eine neue Generation entwickelt: Optimiert f\u00fcr 3D-Audio auf PS5-Konsolen; Genie\u00dfen Sie komfortables Gaming mit verbesserten Ohrpolstern und Kopfb\u00fcgel; Spielen Sie mit Stil dank des eleganten Designs, das die PS5-Konsole erg\u00e4nzt; Verf\u00fcgbar, wenn die Funktion vom Spiel unterst\u00fctzt wird.<br \/>\nF\u00fcr Gamer entwickelt: Chatten Sie mit Freunden \u00fcber die versteckten Mikrofone mit Ger\u00e4uschunterdr\u00fcckung; Passen Sie Audio- und Chat-Einstellungen schnell mit leicht zug\u00e4nglichen Bedienelementen an; Internet und Konto f\u00fcr PlayStation Network erforderlich.<br \/>\nErweitern Sie Ihre Abenteuer: Genie\u00dfen Sie bis zu 12 Stunden kabelloses Spielen mit dem integrierten Akku; Stellen Sie mithilfe des kabellosen Adapters eine einfache Verbindung zu Ihrer PS5- oder PS4-Konsole her; Stellen Sie mit dem mitgelieferten Audiokabel eine Verbindung zu PS VR und Mobilger\u00e4ten her; Integrierte Headset-Bedienelemente werden von PS VR und Mobilger\u00e4ten nicht unterst\u00fctzt.<\/p>\n","protected":false},"featured_media":49743,"comment_status":"open","ping_status":"closed","template":"","meta":[],"product_brand":[],"product_cat":[48],"product_tag":[],"woo-feed-brand":[],"class_list":{"0":"post-49749","1":"product","2":"type-product","3":"status-publish","4":"has-post-thumbnail","6":"product_cat-kopfhorer","8":"entry","9":"has-media","11":"first","12":"instock","13":"sale","14":"taxable","15":"shipping-taxable","16":"purchasable","17":"product-type-simple","18":"has-product-nav","19":"col","20":"span_1_of_3","21":"owp-content-center","22":"owp-thumbs-layout-horizontal","23":"owp-btn-normal","24":"owp-tabs-layout-horizontal","25":"has-no-thumbnails"},"exclude_global_add_ons":[],"addons":[],"jetpack_sharing_enabled":true,"_links":{"self":[{"href":"https:\/\/www.techcloseoutlet.com\/index.php\/wp-json\/wp\/v2\/product\/49749","targetHints":{"allow":["GET"]}}],"collection":[{"href":"https:\/\/www.techcloseoutlet.com\/index.php\/wp-json\/wp\/v2\/product"}],"about":[{"href":"https:\/\/www.techcloseoutlet.com\/index.php\/wp-json\/wp\/v2\/types\/product"}],"replies":[{"embeddable":true,"href":"https:\/\/www.techcloseoutlet.com\/index.php\/wp-json\/wp\/v2\/comments?post=49749"}],"wp:featuredmedia":[{"embeddable":true,"href":"https:\/\/www.techcloseoutlet.com\/index.php\/wp-json\/wp\/v2\/media\/49743"}],"wp:attachment":[{"href":"https:\/\/www.techcloseoutlet.com\/index.php\/wp-json\/wp\/v2\/media?parent=49749"}],"wp:term":[{"taxonomy":"product_brand","embeddable":true,"href":"https:\/\/www.techcloseoutlet.com\/index.php\/wp-json\/wp\/v2\/product_brand?post=49749"},{"taxonomy":"product_cat","embeddable":true,"href":"https:\/\/www.techcloseoutlet.com\/index.php\/wp-json\/wp\/v2\/product_cat?post=49749"},{"taxonomy":"product_tag","embeddable":true,"href":"https:\/\/www.techcloseoutlet.com\/index.php\/wp-json\/wp\/v2\/product_tag?post=49749"},{"taxonomy":"woo-feed-brand","embeddable":true,"href":"https:\/\/www.techcloseoutlet.com\/index.php\/wp-json\/wp\/v2\/woo-feed-brand?post=49749"}],"curies":[{"name":"wp","href":"https:\/\/api.w.org\/{rel}","templated":true}]}}