{"id":49701,"date":"2025-09-27T16:10:07","date_gmt":"2025-09-27T16:10:07","guid":{"rendered":"https:\/\/www.techcloseoutlet.com\/index.php\/product\/sennheiser-momentum-4-kabelloser-kopfhoerer-bluetooth-headset-fuer-kristallklare-anrufe-mit-adaptiver-geraeuschunterdrueckung-60-stunden-akkulaufzeit-leichtes-faltdesign-schwarz\/"},"modified":"2025-09-27T16:10:07","modified_gmt":"2025-09-27T16:10:07","slug":"sennheiser-momentum-4-kabelloser-kopfhoerer-bluetooth-headset-fuer-kristallklare-anrufe-mit-adaptiver-geraeuschunterdrueckung-60-stunden-akkulaufzeit-leichtes-faltdesign-schwarz","status":"publish","type":"product","link":"https:\/\/www.techcloseoutlet.com\/index.php\/product\/sennheiser-momentum-4-kabelloser-kopfhoerer-bluetooth-headset-fuer-kristallklare-anrufe-mit-adaptiver-geraeuschunterdrueckung-60-stunden-akkulaufzeit-leichtes-faltdesign-schwarz\/?lang=de","title":{"rendered":"Sennheiser MOMENTUM 4 Kabelloser Kopfh\u00f6rer \u2013 Bluetooth-Headset f\u00fcr kristallklare Anrufe mit adaptiver Ger\u00e4uschunterdr\u00fcckung, 60 Stunden Akkulaufzeit, leichtes Faltdesign, Schwarz"},"content":{"rendered":"<p>Aktualisierte Firmware und Software: Freuen Sie sich \u00fcber ein reibungsloseres und zuverl\u00e4ssigeres Benutzererlebnis, inkl. einem ANC-Ausschalter in der Smart Control Plus App und einem dauerhaften Ausschalter f\u00fcr das Touchpad.<\/p>\n<p>Maximale Audioaufl\u00f6sung mit Sennheiser Signature Sound: Genie\u00dfen Sie dank des audiophil inspirierten 42-mm-Wandlersystems und aptX Adaptive den ganzen Tag lang erstklassige Musikqualit\u00e4t.<\/p>\n<p>Personalisierter Sound \u00fcber die Sennheiser Smart Control App: Passen Sie den Klang \u00fcber den integrierten Equalizer, Voreinstellungen und Klangmodi an Ihre individuellen H\u00f6rvorlieben an \u2013 f\u00fcr ein einzigartiges Klangerlebnis.<\/p>\n<p>Vertiefen Sie sich in Ihre Musik: Dank der adaptiven Ger\u00e4uschunterdr\u00fcckung des Kopfh\u00f6rers bleiben Sie ablenkungsfrei \u2013 und mit dem anpassbaren Transparenzmodus bleiben Sie mit der Welt um Sie herum in Kontakt.<\/p>\n<p>Herausragender Komfort und lange Akkulaufzeit: Leichtes, faltbares Design mit gepolstertem Kopfb\u00fcgel und stark gepolsterten Ohrpolstern f\u00fcr lang anhaltenden Tragekomfort \u2013 bis zu 60 Stunden Wiedergabezeit mit Schnellladefunktion.<br \/>\nKristallklare Anrufe: Die vier digitalen Beamforming-Mikrofone sorgen f\u00fcr eine hochwertige Sprachaufnahme und unterdr\u00fccken automatisch Windger\u00e4usche f\u00fcr optimierte Anrufe und einen einfacheren Zugriff auf den Sprachassistenten.<\/p>\n<p>Lieferumfang: Kopfh\u00f6rer, Tragetasche, USB-C-Ladekabel, Audiokabel (3,5-mm- und 2,5-mm-Klinkenstecker), Flugzeugadapter<br \/>\nLautsprecherfrequenzbereich: 6 Hz bis 22 kHz.<\/p>\n","protected":false},"excerpt":{"rendered":"<p>Aktualisierte Firmware und Software: Freuen Sie sich \u00fcber ein reibungsloseres und zuverl\u00e4ssigeres Benutzererlebnis, inkl. einem ANC-Ausschalter in der Smart Control Plus App und einem dauerhaften Ausschalter f\u00fcr das Touchpad.<\/p>\n<p>Maximale Audioaufl\u00f6sung mit Sennheiser Signature Sound: Genie\u00dfen Sie dank des audiophil inspirierten 42-mm-Wandlersystems und aptX Adaptive den ganzen Tag lang erstklassige Musikqualit\u00e4t.<\/p>\n<p>Personalisierter Sound \u00fcber die Sennheiser Smart Control App: Passen Sie den Klang \u00fcber den integrierten Equalizer, Voreinstellungen und Klangmodi an Ihre individuellen H\u00f6rvorlieben an \u2013 f\u00fcr ein einzigartiges Klangerlebnis.<\/p>\n<p>Vertiefen Sie sich in Ihre Musik: Dank der adaptiven Ger\u00e4uschunterdr\u00fcckung des Kopfh\u00f6rers bleiben Sie ablenkungsfrei \u2013 und mit dem anpassbaren Transparenzmodus bleiben Sie mit der Welt um Sie herum in Kontakt.<\/p>\n<p>Herausragender Komfort und lange Akkulaufzeit: Leichtes, faltbares Design mit gepolstertem Kopfb\u00fcgel und stark gepolsterten Ohrpolstern f\u00fcr lang anhaltenden Tragekomfort \u2013 bis zu 60 Stunden Wiedergabezeit mit Schnellladefunktion.<br \/>\nKristallklare Anrufe: Die vier digitalen Beamforming-Mikrofone sorgen f\u00fcr eine hochwertige Sprachaufnahme und unterdr\u00fccken automatisch Windger\u00e4usche f\u00fcr optimierte Anrufe und einen einfacheren Zugriff auf den Sprachassistenten.<\/p>\n<p>Lieferumfang: Kopfh\u00f6rer, Tragetasche, USB-C-Ladekabel, Audiokabel (3,5-mm- und 2,5-mm-Klinkenstecker), Flugzeugadapter<br \/>\nLautsprecherfrequenzbereich: 6 Hz bis 22 kHz.<\/p>\n","protected":false},"featured_media":49693,"comment_status":"open","ping_status":"closed","template":"","meta":[],"product_brand":[],"product_cat":[48],"product_tag":[],"woo-feed-brand":[],"class_list":{"0":"post-49701","1":"product","2":"type-product","3":"status-publish","4":"has-post-thumbnail","6":"product_cat-kopfhorer","8":"entry","9":"has-media","11":"first","12":"instock","13":"sale","14":"taxable","15":"shipping-taxable","16":"purchasable","17":"product-type-simple","18":"has-product-nav","19":"col","20":"span_1_of_3","21":"owp-content-center","22":"owp-thumbs-layout-horizontal","23":"owp-btn-normal","24":"owp-tabs-layout-horizontal","25":"has-no-thumbnails"},"exclude_global_add_ons":[],"addons":[],"jetpack_sharing_enabled":true,"_links":{"self":[{"href":"https:\/\/www.techcloseoutlet.com\/index.php\/wp-json\/wp\/v2\/product\/49701","targetHints":{"allow":["GET"]}}],"collection":[{"href":"https:\/\/www.techcloseoutlet.com\/index.php\/wp-json\/wp\/v2\/product"}],"about":[{"href":"https:\/\/www.techcloseoutlet.com\/index.php\/wp-json\/wp\/v2\/types\/product"}],"replies":[{"embeddable":true,"href":"https:\/\/www.techcloseoutlet.com\/index.php\/wp-json\/wp\/v2\/comments?post=49701"}],"wp:featuredmedia":[{"embeddable":true,"href":"https:\/\/www.techcloseoutlet.com\/index.php\/wp-json\/wp\/v2\/media\/49693"}],"wp:attachment":[{"href":"https:\/\/www.techcloseoutlet.com\/index.php\/wp-json\/wp\/v2\/media?parent=49701"}],"wp:term":[{"taxonomy":"product_brand","embeddable":true,"href":"https:\/\/www.techcloseoutlet.com\/index.php\/wp-json\/wp\/v2\/product_brand?post=49701"},{"taxonomy":"product_cat","embeddable":true,"href":"https:\/\/www.techcloseoutlet.com\/index.php\/wp-json\/wp\/v2\/product_cat?post=49701"},{"taxonomy":"product_tag","embeddable":true,"href":"https:\/\/www.techcloseoutlet.com\/index.php\/wp-json\/wp\/v2\/product_tag?post=49701"},{"taxonomy":"woo-feed-brand","embeddable":true,"href":"https:\/\/www.techcloseoutlet.com\/index.php\/wp-json\/wp\/v2\/woo-feed-brand?post=49701"}],"curies":[{"name":"wp","href":"https:\/\/api.w.org\/{rel}","templated":true}]}}