{"id":18661,"date":"2023-08-29T13:25:40","date_gmt":"2023-08-29T13:25:40","guid":{"rendered":"https:\/\/www.techcloseoutlet.com\/index.php\/product\/sennheiser-hd-4-50-btnc-bluetooth-wireless-headphones-with-active-noise-cancellation-black-and-silver\/"},"modified":"2024-09-09T06:15:36","modified_gmt":"2024-09-09T06:15:36","slug":"sennheiser-hd-4-50-btnc-bluetooth-wireless-headphones-with-active-noise-cancellation-black-and-silver","status":"publish","type":"product","link":"https:\/\/www.techcloseoutlet.com\/index.php\/product\/sennheiser-hd-4-50-btnc-bluetooth-wireless-headphones-with-active-noise-cancellation-black-and-silver\/?lang=de","title":{"rendered":"Sennheiser HD 4.50 BTNC Bluetooth-Funkkopfh\u00f6rer mit aktiver Ger\u00e4uschunterdr\u00fcckung, Schwarz und Silber"},"content":{"rendered":"<p>Der HD 4.50BTNC Wireless bietet nahezu alles, was sich Musikliebhaber mit aktivem Lebensstil w\u00fcnschen: Bluetooth 4.0-Technologie, intuitive Benutzerfreundlichkeit, au\u00dfergew\u00f6hnlichen Tragekomfort und atemberaubend kraftvollen Klang. Dieses elegant-minimalistische, geschlossene Around-Ear-Headset verf\u00fcgt au\u00dferdem \u00fcber die aktive Ger\u00e4uschunterdr\u00fcckung Sennheiser NoiseGard, sodass Sie Musik, Filme oder Telefongespr\u00e4che in Ruhe genie\u00dfen k\u00f6nnen \u2013 \u00fcberall.<\/p>\n<p>Bluetooth 4.0- und aptX-Technologien f\u00fcr au\u00dfergew\u00f6hnliche kabellose Klangqualit\u00e4t. Konnektivit\u00e4tstechnologie: Kabellos<br \/>\nDie aktive Ger\u00e4uschunterdr\u00fcckung NoiseGard reduziert den Umgebungsger\u00e4uschpegel und verbessert das H\u00f6rerlebnis<br \/>\nIntuitive, an der Ohrmuschel angebrachte Bedienelemente zum Wechseln von Titeln und zum T\u00e4tigen von Anrufen \u00fcber das integrierte Mikrofon. Frequenzgang (Mikrofon): 100 10.000 Hz<br \/>\nBis zu 19 Stunden Akkulaufzeit bei aktiviertem Bluetooth und NoiseGard. Im Lieferumfang ist ein Verbindungskabel f\u00fcr batteriefreies H\u00f6ren enthalten<\/p>\n","protected":false},"excerpt":{"rendered":"<p>Der HD 4.50BTNC Wireless bietet nahezu alles, was sich Musikliebhaber mit aktivem Lebensstil w\u00fcnschen: Bluetooth 4.0-Technologie, intuitive Benutzerfreundlichkeit, au\u00dfergew\u00f6hnlichen Tragekomfort und atemberaubend kraftvollen Klang. Dieses elegant-minimalistische, geschlossene Around-Ear-Headset verf\u00fcgt au\u00dferdem \u00fcber die aktive Ger\u00e4uschunterdr\u00fcckung Sennheiser NoiseGard, sodass Sie Musik, Filme oder Telefongespr\u00e4che in Ruhe genie\u00dfen k\u00f6nnen \u2013 \u00fcberall.<\/p>\n<p>Bluetooth 4.0- und aptX-Technologien f\u00fcr au\u00dfergew\u00f6hnliche kabellose Klangqualit\u00e4t. Konnektivit\u00e4tstechnologie: Kabellos<br \/>\nDie aktive Ger\u00e4uschunterdr\u00fcckung NoiseGard reduziert den Umgebungsger\u00e4uschpegel und verbessert das H\u00f6rerlebnis<br \/>\nIntuitive, an der Ohrmuschel angebrachte Bedienelemente zum Wechseln von Titeln und zum T\u00e4tigen von Anrufen \u00fcber das integrierte Mikrofon. Frequenzgang (Mikrofon): 100 10.000 Hz<br \/>\nBis zu 19 Stunden Akkulaufzeit bei aktiviertem Bluetooth und NoiseGard. Im Lieferumfang ist ein Verbindungskabel f\u00fcr batteriefreies H\u00f6ren enthalten<\/p>\n","protected":false},"featured_media":18642,"comment_status":"open","ping_status":"closed","template":"","meta":[],"product_brand":[],"product_cat":[],"product_tag":[],"woo-feed-brand":[],"class_list":{"0":"post-18661","1":"product","2":"type-product","3":"status-publish","4":"has-post-thumbnail","7":"entry","8":"has-media","10":"first","11":"instock","12":"sale","13":"taxable","14":"shipping-taxable","15":"purchasable","16":"product-type-simple","17":"has-product-nav","18":"col","19":"span_1_of_3","20":"owp-content-center","21":"owp-thumbs-layout-horizontal","22":"owp-btn-normal","23":"owp-tabs-layout-horizontal","24":"has-no-thumbnails"},"exclude_global_add_ons":[],"addons":[],"jetpack_sharing_enabled":true,"_links":{"self":[{"href":"https:\/\/www.techcloseoutlet.com\/index.php\/wp-json\/wp\/v2\/product\/18661","targetHints":{"allow":["GET"]}}],"collection":[{"href":"https:\/\/www.techcloseoutlet.com\/index.php\/wp-json\/wp\/v2\/product"}],"about":[{"href":"https:\/\/www.techcloseoutlet.com\/index.php\/wp-json\/wp\/v2\/types\/product"}],"replies":[{"embeddable":true,"href":"https:\/\/www.techcloseoutlet.com\/index.php\/wp-json\/wp\/v2\/comments?post=18661"}],"wp:featuredmedia":[{"embeddable":true,"href":"https:\/\/www.techcloseoutlet.com\/index.php\/wp-json\/wp\/v2\/media\/18642"}],"wp:attachment":[{"href":"https:\/\/www.techcloseoutlet.com\/index.php\/wp-json\/wp\/v2\/media?parent=18661"}],"wp:term":[{"taxonomy":"product_brand","embeddable":true,"href":"https:\/\/www.techcloseoutlet.com\/index.php\/wp-json\/wp\/v2\/product_brand?post=18661"},{"taxonomy":"product_cat","embeddable":true,"href":"https:\/\/www.techcloseoutlet.com\/index.php\/wp-json\/wp\/v2\/product_cat?post=18661"},{"taxonomy":"product_tag","embeddable":true,"href":"https:\/\/www.techcloseoutlet.com\/index.php\/wp-json\/wp\/v2\/product_tag?post=18661"},{"taxonomy":"woo-feed-brand","embeddable":true,"href":"https:\/\/www.techcloseoutlet.com\/index.php\/wp-json\/wp\/v2\/woo-feed-brand?post=18661"}],"curies":[{"name":"wp","href":"https:\/\/api.w.org\/{rel}","templated":true}]}}