{"id":796,"date":"2021-03-04T06:46:51","date_gmt":"2021-03-04T06:46:51","guid":{"rendered":"https:\/\/www.techcloseoutlet.com\/?page_id=796"},"modified":"2021-03-04T06:47:00","modified_gmt":"2021-03-04T06:47:00","slug":"versand-rueckgabe-politik","status":"publish","type":"page","link":"https:\/\/www.techcloseoutlet.com\/index.php\/versand-rueckgabe-politik\/?lang=de","title":{"rendered":"VERSAND &#038; R\u00fcckgabe POLITIK"},"content":{"rendered":"<p>Versandarten &amp; Lieferzeiten (UPS Ground)<br>Die Versandzeiten richten sich nach den vorr\u00e4tigen Artikeln und der von Ihnen ausgew\u00e4hlten Versandart. Um das Ankunftsdatum Ihrer Bestellung zu sch\u00e4tzen, f\u00fcgen Sie die Bearbeitungszeit und die Versandzeit hinzu, um die Gesamtversandzeit in Werktagen f\u00fcr den Erhalt Ihrer Artikel zu berechnen. Wenn ein Artikel nicht auf Lager ist, wird je nach Verf\u00fcgbarkeit des Produkts eine zus\u00e4tzliche Lieferzeit berechnet, die zur Gesamtversandzeit addiert werden muss. Derzeit versenden wir nur innerhalb der kontinentalen Vereinigten Staaten. Bestellungen nach Hawaii und Alaska werden ausgeschrieben.<\/p><p>BEARBEITUNGSZEIT<br>1-24 Stunden<br>+<br>LIEFERDAUER<\/p><h1 class=\"wp-block-heading\">Abh\u00e4ngig von der Versandart<\/h1><p>GESAMT VERSANDZEIT<br>Gesamtgesch\u00e4ftstage, um Ihre Artikel zu erhalten<br>Versandart: Sie k\u00f6nnen f\u00fcr die meisten Produkte Ihre eigene Versandart ausw\u00e4hlen. F\u00fcr bestimmte Artikel ist Tech Close Outs erforderlich, um die Versandmethode auszuw\u00e4hlen. Abh\u00e4ngig von den Artikeln in Ihrem Warenkorb sind m\u00f6glicherweise nicht alle Optionen verf\u00fcgbar. Kostenlose Versandaktion ist nur bei Standardversand verf\u00fcgbar.<\/p><p>Versandzeit: Die Transportzeit f\u00fcr die von Ihnen ausgew\u00e4hlte Versandart.<\/p><p>Gesch\u00e4ftstage: Montag bis Freitag, au\u00dfer an Feiertagen.<\/p><p>Bearbeitungszeit: 1-24 Stunden. Lagerbestellungen, die an Werktagen bis 15 Uhr eingehen, werden in der Regel noch am selben Tag versendet.<\/p><p>R\u00fcckgabe &amp; Umtausch<br>Tech Close Outs hat es sich zur Aufgabe gemacht, Sie vor, w\u00e4hrend und nach jedem Einkauf gl\u00fccklich zu machen. Wenn Sie mit Ihrer Ware nicht 100% zufrieden sind, tauschen wir sie gerne um oder erstatten Ihnen den vollen gezahlten Kaufpreis, je nachdem, was Sie bevorzugen. Wenn Sie in der Region LA wohnen, k\u00f6nnen Sie Ihre Waren direkt in unserem Gesch\u00e4ft zur\u00fcckgeben oder umtauschen. Kunden sind f\u00fcr die R\u00fccksendekosten verantwortlich, es sei denn, das Produkt kommt besch\u00e4digt oder defekt an. Wenn der Artikel per UPS an Sie versendet wurde, zahlen wir sogar f\u00fcr die R\u00fccksendung!<\/p><p>Gibt so einfach wie 1-2-3 zur\u00fcck<\/p><ul class=\"wp-block-list\" id=\"return_steps\"><li><img decoding=\"async\" src=\"https:\/\/content.abt.com\/image.php\/df9218a0897741455a27fa388cb72c42?image=\/media\/images\/return_steps_1.png\" class=\"\"><\/li><li>Schritt 1 Melden Sie sich an oder gehen Sie zu Ihrem Konto, um auf die Bestellung zuzugreifen und die Artikel auszuw\u00e4hlen, die Sie zur\u00fcckgeben m\u00f6chten. Die Artikel m\u00fcssen in der Originalverpackung und im Originalzustand sein.<\/li><\/ul><ul class=\"wp-block-list\" id=\"return_steps\"><li><img decoding=\"async\" src=\"https:\/\/content.abt.com\/image.php\/55be74b35d2136b85620b8d8d2e6da3d?image=\/media\/images\/return_steps_2.png\" class=\"\"><\/li><li>Schritt 2 Drucken Sie Ihr R\u00fccksendeetikett aus und befestigen Sie es an Ihrer Originalverpackung oder einem Kartonversandkarton. Entfernen Sie alte Versandetiketten oder markieren Sie die Originalverfolgungsnummern.<\/li><\/ul><ul class=\"wp-block-list\" id=\"return_steps\"><li><img decoding=\"async\" src=\"https:\/\/content.abt.com\/image.php\/f5dc885acabbdd7f9b675093f3104236?image=\/media\/images\/return_steps_3.png\" class=\"\"><\/li><li>Schritt 3 Geben Sie Ihre Box bei einem autorisierten UPS Versandzentrum ab. Wir empfehlen Ihnen, Artikel per UPS versichert zur\u00fcckzusenden.<\/li><\/ul>","protected":false},"excerpt":{"rendered":"<p>Versandarten &amp; Lieferzeiten (UPS Ground)Die Versandzeiten richten sich nach den vorr\u00e4tigen Artikeln und der von Ihnen ausgew\u00e4hlten Versandart. Um das Ankunftsdatum Ihrer Bestellung zu sch\u00e4tzen, f\u00fcgen Sie die Bearbeitungszeit und die Versandzeit hinzu, um die Gesamtversandzeit in Werktagen f\u00fcr den Erhalt Ihrer Artikel zu berechnen. Wenn ein Artikel nicht auf Lager ist, wird je nach [&hellip;]<\/p>\n","protected":false},"author":1,"featured_media":0,"parent":0,"menu_order":0,"comment_status":"closed","ping_status":"closed","template":"","meta":{"footnotes":""},"class_list":["post-796","page","type-page","status-publish","hentry","entry","owp-thumbs-layout-horizontal","owp-btn-normal","owp-tabs-layout-horizontal","has-no-thumbnails","has-product-nav"],"jetpack_sharing_enabled":true,"_links":{"self":[{"href":"https:\/\/www.techcloseoutlet.com\/index.php\/wp-json\/wp\/v2\/pages\/796","targetHints":{"allow":["GET"]}}],"collection":[{"href":"https:\/\/www.techcloseoutlet.com\/index.php\/wp-json\/wp\/v2\/pages"}],"about":[{"href":"https:\/\/www.techcloseoutlet.com\/index.php\/wp-json\/wp\/v2\/types\/page"}],"author":[{"embeddable":true,"href":"https:\/\/www.techcloseoutlet.com\/index.php\/wp-json\/wp\/v2\/users\/1"}],"replies":[{"embeddable":true,"href":"https:\/\/www.techcloseoutlet.com\/index.php\/wp-json\/wp\/v2\/comments?post=796"}],"version-history":[{"count":1,"href":"https:\/\/www.techcloseoutlet.com\/index.php\/wp-json\/wp\/v2\/pages\/796\/revisions"}],"predecessor-version":[{"id":798,"href":"https:\/\/www.techcloseoutlet.com\/index.php\/wp-json\/wp\/v2\/pages\/796\/revisions\/798"}],"wp:attachment":[{"href":"https:\/\/www.techcloseoutlet.com\/index.php\/wp-json\/wp\/v2\/media?parent=796"}],"curies":[{"name":"wp","href":"https:\/\/api.w.org\/{rel}","templated":true}]}}